{"id":371,"date":"2020-08-13T13:46:18","date_gmt":"2020-08-13T13:46:18","guid":{"rendered":"https:\/\/estudidemusica.cat\/?page_id=371"},"modified":"2020-09-16T08:10:34","modified_gmt":"2020-09-16T08:10:34","slug":"alumnos-con-necesidades-educativas-especiales","status":"publish","type":"page","link":"https:\/\/estudidemusica.cat\/es\/alumnos-con-necesidades-educativas-especiales\/","title":{"rendered":"Alumnos con necesidades educativas especiales"},"content":{"rendered":"\n[et_pb_section fb_built=&#8221;1&#8243; admin_label=&#8221;section header sin video&#8221; _builder_version=&#8221;4.4.8&#8243; background_color=&#8221;#000000&#8243; background_enable_video_mp4=&#8221;off&#8221; custom_margin=&#8221;0px||0px||false|false&#8221; custom_padding=&#8221;0px||3px||false|false&#8221;][et_pb_row _builder_version=&#8221;4.4.8&#8243; width=&#8221;100%&#8221; max_width=&#8221;100%&#8221; custom_margin=&#8221;0px|auto|0px|auto|false|false&#8221; custom_padding=&#8221;0px||0px||false|false&#8221;][et_pb_column type=&#8221;4_4&#8243; _builder_version=&#8221;4.4.8&#8243;][et_pb_slider admin_label=&#8221;deslizador trasnparente&#8221; _builder_version=&#8221;4.4.8&#8243; custom_button=&#8221;on&#8221; button_text_color=&#8221;#ffffff&#8221; button_bg_color=&#8221;#e02b20&#8243; button_border_width=&#8221;0px&#8221; custom_margin=&#8221;||0px||false|false&#8221; custom_padding=&#8221;194px||154px|||&#8221; button_bg_color__hover_enabled=&#8221;on|hover&#8221; button_bg_color__hover=&#8221;rgba(224,43,32,0.48)&#8221; button_bg_enable_color__hover=&#8221;on&#8221;][et_pb_slide heading=&#8221;Alumnos con necesidades educativas especiales NEE&#8221; button_text=&#8221;Llama y te informamos&#8221; button_link=&#8221;tel:977231720&#8243; use_bg_overlay=&#8221;off&#8221; use_text_overlay=&#8221;on&#8221; _builder_version=&#8221;4.4.8&#8243; header_text_color=&#8221;#000000&#8243; body_font=&#8221;|700|||||||&#8221; body_text_color=&#8221;#000000&#8243; body_font_size=&#8221;24px&#8221; body_letter_spacing=&#8221;3px&#8221; body_line_height=&#8221;2.4em&#8221; background_color=&#8221;rgba(0,0,0,0)&#8221; background_enable_color=&#8221;on&#8221; background_image=&#8221;https:\/\/estudidemusica.cat\/wp-content\/uploads\/2020\/08\/escuela-de-m\u00fasica-alumnos-con-necesidades-educativas-especiales-NEE-1.png&#8221; background_enable_image=&#8221;on&#8221; parallax=&#8221;on&#8221; background_layout=&#8221;light&#8221; custom_padding=&#8221;170px||170px||true|false&#8221; custom_padding_tablet=&#8221;&#8221; custom_padding_phone=&#8221;&#8221; custom_padding_last_edited=&#8221;on|phone&#8221; body_font_size_tablet=&#8221;16px&#8221; body_font_size_phone=&#8221;&#8221; body_font_size_last_edited=&#8221;on|desktop&#8221; body_letter_spacing_tablet=&#8221;1px&#8221; body_letter_spacing_phone=&#8221;0px&#8221; body_letter_spacing_last_edited=&#8221;on|desktop&#8221; custom_css_slide_button=&#8221;margin-top:4em&#8221; header_text_shadow_style=&#8221;preset4&#8243; body_text_shadow_style=&#8221;preset4&#8243; body_text_shadow_color=&#8221;#ffffff&#8221;]<p>Clases de m\u00fasica apostando por la diversidad e inclusi\u00f3n<\/p>[\/et_pb_slide][\/et_pb_slider][\/et_pb_column][\/et_pb_row][\/et_pb_section][et_pb_section fb_built=&#8221;1&#8243; _builder_version=&#8221;4.4.8&#8243; background_color=&#8221;#ffffff&#8221; custom_margin=&#8221;0px||||false|false&#8221; custom_padding=&#8221;0px||0px|||&#8221;][et_pb_row column_structure=&#8221;1_3,2_3&#8243; _builder_version=&#8221;4.4.8&#8243;][et_pb_column type=&#8221;1_3&#8243; _builder_version=&#8221;4.4.8&#8243;][et_pb_image src=&#8221;https:\/\/estudidemusica.cat\/wp-content\/uploads\/2020\/08\/alumnos-con-nee.jpg&#8221; alt=&#8221;escuela de m\u00fasica en Tarragona alumnos con necesidades educativas especiales  nee&#8221; title_text=&#8221;alumnos con nee&#8221; _builder_version=&#8221;4.4.8&#8243;][\/et_pb_image][\/et_pb_column][et_pb_column type=&#8221;2_3&#8243; _builder_version=&#8221;4.4.8&#8243;][et_pb_text _builder_version=&#8221;4.4.8&#8243; text_font_size=&#8221;16px&#8221; text_orientation=&#8221;justified&#8221; hover_enabled=&#8221;0&#8243; text_font_size_tablet=&#8221;14px&#8221; text_font_size_phone=&#8221;&#8221; text_font_size_last_edited=&#8221;on|desktop&#8221;]<h2>Alumnos con necesidades educativas especiales<\/h2>\n<p>Todos somos iguales ante la m\u00fasica independientemente de nuestras capacidades f\u00edsicas e intelectuales. La m\u00fasica tiene una fuerza integradora muy positiva. La m\u00fasica es para todo el mundo, todos nos podemos beneficiar de la pr\u00e1ctica musical sean cuales sean nuestras condiciones y aptitudes.<\/p>\n<p>La m\u00fasica mejora la atenci\u00f3n, estimula nuestras habilidades comunicativas, la expresi\u00f3n, la motricidad, el pensamiento y la reflexi\u00f3n, igual en alumnos que tengan necesidades especiales concretas o sin ellas.<\/p>\n<p>Todos tenemos cosas a ganar participando en actividades musicales, tanto si es en activo, cantando o tocando o sencillamente como oyente.<br \/> <strong>Es por estas razones que desde los inicios en el Estudio de M\u00fasica hemos trabajado en la atenci\u00f3n a la diversidad de manera que nadie quede excluido de la educaci\u00f3n musical<\/strong><\/p>\n<p><a href=\"https:\/\/estudidemusica.cat\/contacto\/\">Contacte con nosotros<\/a> para m\u00e1s informaci\u00f3n sobre las clases de m\u00fasica y concretar sobre las necesidades particulares del alumno y como podemos acomodarlas para que pueda disfrutar plenamente de las clases.<\/p>\n<p>&nbsp;<\/p>\n[\/et_pb_text][\/et_pb_column][\/et_pb_row][\/et_pb_section][et_pb_section fb_built=&#8221;1&#8243; _builder_version=&#8221;4.4.8&#8243; custom_padding=&#8221;0px||0px|||&#8221;][et_pb_row _builder_version=&#8221;4.4.8&#8243; width=&#8221;100%&#8221; max_width=&#8221;100%&#8221; custom_padding=&#8221;0px||0px||false|false&#8221;][et_pb_column type=&#8221;4_4&#8243; _builder_version=&#8221;4.4.8&#8243;][et_pb_cta title=&#8221;Contacta con nosotros para m\u00e1s informaci\u00f3n e inscripciones&#8221; button_url=&#8221;\/contacto\/&#8221; button_text=&#8221;Contacto escuela de m\u00fasica Tarragona&#8221; _builder_version=&#8221;4.4.8&#8243; background_color=&#8221;#89222c&#8221; custom_button=&#8221;on&#8221; button_border_width=&#8221;1px&#8221; button_bg_color__hover_enabled=&#8221;on|hover&#8221; button_bg_color__hover=&#8221;#ffffff&#8221; button_bg_enable_color__hover=&#8221;on&#8221; button_border_width__hover_enabled=&#8221;on|desktop&#8221; button_border_width__hover=&#8221;0px&#8221; button_text_color__hover_enabled=&#8221;on|hover&#8221; button_text_color__hover=&#8221;#000000&#8243;][\/et_pb_cta][\/et_pb_column][\/et_pb_row][\/et_pb_section]\n","protected":false},"excerpt":{"rendered":"<p>Clases de m\u00fasica apostando por la diversidad e inclusi\u00f3nAlumnos con necesidades educativas especiales Todos somos iguales ante la m\u00fasica independientemente de nuestras capacidades f\u00edsicas e intelectuales. La m\u00fasica tiene una fuerza integradora muy positiva. La m\u00fasica es para todo el mundo, todos nos podemos beneficiar de la pr\u00e1ctica musical sean cuales sean nuestras condiciones y [&hellip;]<\/p>\n","protected":false},"author":1,"featured_media":0,"parent":0,"menu_order":0,"comment_status":"closed","ping_status":"closed","template":"","meta":{"_et_pb_use_builder":"on","_et_pb_old_content":"","_et_gb_content_width":"","footnotes":""},"class_list":["post-371","page","type-page","status-publish","hentry"],"yoast_head":"<!-- This site is optimized with the Yoast SEO plugin v27.4 - https:\/\/yoast.com\/product\/yoast-seo-wordpress\/ -->\n<title>Alumnos con necesidades educativas especiales - L&#039;estudi Tarragona<\/title>\n<meta name=\"description\" content=\"Clases de m\u00fasica para alumnos con necesidades educativas especiales en L&#039;Estudi - Escuela de m\u00fasica en Tarragona - educaci\u00f3n inclusiva\" \/>\n<meta name=\"robots\" content=\"index, follow, max-snippet:-1, max-image-preview:large, max-video-preview:-1\" \/>\n<link rel=\"canonical\" href=\"https:\/\/estudidemusica.cat\/es\/alumnos-con-necesidades-educativas-especiales\/\" \/>\n<meta property=\"og:locale\" content=\"es_ES\" \/>\n<meta property=\"og:type\" content=\"article\" \/>\n<meta property=\"og:title\" content=\"Alumnos con necesidades educativas especiales - L&#039;estudi Tarragona\" \/>\n<meta property=\"og:description\" content=\"Clases de m\u00fasica para alumnos con necesidades educativas especiales en L&#039;Estudi - Escuela de m\u00fasica en Tarragona - educaci\u00f3n inclusiva\" \/>\n<meta property=\"og:url\" content=\"https:\/\/estudidemusica.cat\/es\/alumnos-con-necesidades-educativas-especiales\/\" \/>\n<meta property=\"og:site_name\" content=\"Estudi de musica\" \/>\n<meta property=\"article:modified_time\" content=\"2020-09-16T08:10:34+00:00\" \/>\n<meta name=\"twitter:card\" content=\"summary_large_image\" \/>\n<meta name=\"twitter:label1\" content=\"Tiempo de lectura\" \/>\n\t<meta name=\"twitter:data1\" content=\"3 minutos\" \/>\n<script type=\"application\/ld+json\" class=\"yoast-schema-graph\">{\"@context\":\"https:\\\/\\\/schema.org\",\"@graph\":[{\"@type\":\"WebPage\",\"@id\":\"https:\\\/\\\/estudidemusica.cat\\\/alumnos-con-necesidades-educativas-especiales\\\/\",\"url\":\"https:\\\/\\\/estudidemusica.cat\\\/alumnos-con-necesidades-educativas-especiales\\\/\",\"name\":\"Alumnos con necesidades educativas especiales - L'estudi Tarragona\",\"isPartOf\":{\"@id\":\"https:\\\/\\\/estudidemusica.cat\\\/#website\"},\"datePublished\":\"2020-08-13T13:46:18+00:00\",\"dateModified\":\"2020-09-16T08:10:34+00:00\",\"description\":\"Clases de m\u00fasica para alumnos con necesidades educativas especiales en L'Estudi - Escuela de m\u00fasica en Tarragona - educaci\u00f3n inclusiva\",\"breadcrumb\":{\"@id\":\"https:\\\/\\\/estudidemusica.cat\\\/alumnos-con-necesidades-educativas-especiales\\\/#breadcrumb\"},\"inLanguage\":\"es\",\"potentialAction\":[{\"@type\":\"ReadAction\",\"target\":[\"https:\\\/\\\/estudidemusica.cat\\\/alumnos-con-necesidades-educativas-especiales\\\/\"]}]},{\"@type\":\"BreadcrumbList\",\"@id\":\"https:\\\/\\\/estudidemusica.cat\\\/alumnos-con-necesidades-educativas-especiales\\\/#breadcrumb\",\"itemListElement\":[{\"@type\":\"ListItem\",\"position\":1,\"name\":\"Inici\",\"item\":\"https:\\\/\\\/estudidemusica.cat\\\/\"},{\"@type\":\"ListItem\",\"position\":2,\"name\":\"Alumnos con necesidades educativas especiales\"}]},{\"@type\":\"WebSite\",\"@id\":\"https:\\\/\\\/estudidemusica.cat\\\/#website\",\"url\":\"https:\\\/\\\/estudidemusica.cat\\\/\",\"name\":\"Estudi de musica\",\"description\":\"Escola de m\u00fasica de tarragona amb m\u00e9s de 25 anys, autoritzada per la Generalitat.\",\"potentialAction\":[{\"@type\":\"SearchAction\",\"target\":{\"@type\":\"EntryPoint\",\"urlTemplate\":\"https:\\\/\\\/estudidemusica.cat\\\/?s={search_term_string}\"},\"query-input\":{\"@type\":\"PropertyValueSpecification\",\"valueRequired\":true,\"valueName\":\"search_term_string\"}}],\"inLanguage\":\"es\"}]}<\/script>\n<!-- \/ Yoast SEO plugin. -->","yoast_head_json":{"title":"Alumnos con necesidades educativas especiales - L'estudi Tarragona","description":"Clases de m\u00fasica para alumnos con necesidades educativas especiales en L'Estudi - Escuela de m\u00fasica en Tarragona - educaci\u00f3n inclusiva","robots":{"index":"index","follow":"follow","max-snippet":"max-snippet:-1","max-image-preview":"max-image-preview:large","max-video-preview":"max-video-preview:-1"},"canonical":"https:\/\/estudidemusica.cat\/es\/alumnos-con-necesidades-educativas-especiales\/","og_locale":"es_ES","og_type":"article","og_title":"Alumnos con necesidades educativas especiales - L'estudi Tarragona","og_description":"Clases de m\u00fasica para alumnos con necesidades educativas especiales en L'Estudi - Escuela de m\u00fasica en Tarragona - educaci\u00f3n inclusiva","og_url":"https:\/\/estudidemusica.cat\/es\/alumnos-con-necesidades-educativas-especiales\/","og_site_name":"Estudi de musica","article_modified_time":"2020-09-16T08:10:34+00:00","twitter_card":"summary_large_image","twitter_misc":{"Tiempo de lectura":"3 minutos"},"schema":{"@context":"https:\/\/schema.org","@graph":[{"@type":"WebPage","@id":"https:\/\/estudidemusica.cat\/alumnos-con-necesidades-educativas-especiales\/","url":"https:\/\/estudidemusica.cat\/alumnos-con-necesidades-educativas-especiales\/","name":"Alumnos con necesidades educativas especiales - L'estudi Tarragona","isPartOf":{"@id":"https:\/\/estudidemusica.cat\/#website"},"datePublished":"2020-08-13T13:46:18+00:00","dateModified":"2020-09-16T08:10:34+00:00","description":"Clases de m\u00fasica para alumnos con necesidades educativas especiales en L'Estudi - Escuela de m\u00fasica en Tarragona - educaci\u00f3n inclusiva","breadcrumb":{"@id":"https:\/\/estudidemusica.cat\/alumnos-con-necesidades-educativas-especiales\/#breadcrumb"},"inLanguage":"es","potentialAction":[{"@type":"ReadAction","target":["https:\/\/estudidemusica.cat\/alumnos-con-necesidades-educativas-especiales\/"]}]},{"@type":"BreadcrumbList","@id":"https:\/\/estudidemusica.cat\/alumnos-con-necesidades-educativas-especiales\/#breadcrumb","itemListElement":[{"@type":"ListItem","position":1,"name":"Inici","item":"https:\/\/estudidemusica.cat\/"},{"@type":"ListItem","position":2,"name":"Alumnos con necesidades educativas especiales"}]},{"@type":"WebSite","@id":"https:\/\/estudidemusica.cat\/#website","url":"https:\/\/estudidemusica.cat\/","name":"Estudi de musica","description":"Escola de m\u00fasica de tarragona amb m\u00e9s de 25 anys, autoritzada per la Generalitat.","potentialAction":[{"@type":"SearchAction","target":{"@type":"EntryPoint","urlTemplate":"https:\/\/estudidemusica.cat\/?s={search_term_string}"},"query-input":{"@type":"PropertyValueSpecification","valueRequired":true,"valueName":"search_term_string"}}],"inLanguage":"es"}]}},"_links":{"self":[{"href":"https:\/\/estudidemusica.cat\/es\/wp-json\/wp\/v2\/pages\/371","targetHints":{"allow":["GET"]}}],"collection":[{"href":"https:\/\/estudidemusica.cat\/es\/wp-json\/wp\/v2\/pages"}],"about":[{"href":"https:\/\/estudidemusica.cat\/es\/wp-json\/wp\/v2\/types\/page"}],"author":[{"embeddable":true,"href":"https:\/\/estudidemusica.cat\/es\/wp-json\/wp\/v2\/users\/1"}],"replies":[{"embeddable":true,"href":"https:\/\/estudidemusica.cat\/es\/wp-json\/wp\/v2\/comments?post=371"}],"version-history":[{"count":4,"href":"https:\/\/estudidemusica.cat\/es\/wp-json\/wp\/v2\/pages\/371\/revisions"}],"predecessor-version":[{"id":487,"href":"https:\/\/estudidemusica.cat\/es\/wp-json\/wp\/v2\/pages\/371\/revisions\/487"}],"wp:attachment":[{"href":"https:\/\/estudidemusica.cat\/es\/wp-json\/wp\/v2\/media?parent=371"}],"curies":[{"name":"wp","href":"https:\/\/api.w.org\/{rel}","templated":true}]}}

[et_pb_section fb_built=&#8221;1&#8243; admin_label=&#8221;section header sin video&#8221; _builder_version=&#8221;4.4.8&#8243; background_color=&#8221;#000000&#8243; background_enable_video_mp4=&#8221;off&#8221; custom_margin=&#8221;0px||0px||false|false&#8221; custom_padding=&#8221;0px||3px||false|false&#8221;][et_pb_row _builder_version=&#8221;4.4.8&#8243; width=&#8221;100%&#8221; max_width=&#8221;100%&#8221; custom_margin=&#8221;0px|auto|0px|auto|false|false&#8221; custom_padding=&#8221;0px||0px||false|false&#8221;][et_pb_column type=&#8221;4_4&#8243; _builder_version=&#8221;4.4.8&#8243;][et_pb_slider admin_label=&#8221;deslizador trasnparente&#8221; _builder_version=&#8221;4.4.8&#8243; custom_button=&#8221;on&#8221; button_text_color=&#8221;#ffffff&#8221; button_bg_color=&#8221;#e02b20&#8243; button_border_width=&#8221;0px&#8221; custom_margin=&#8221;||0px||false|false&#8221; custom_padding=&#8221;194px||154px|||&#8221; button_bg_color__hover_enabled=&#8221;on|hover&#8221; button_bg_color__hover=&#8221;rgba(224,43,32,0.48)&#8221; button_bg_enable_color__hover=&#8221;on&#8221;][et_pb_slide heading=&#8221;Alumnos con necesidades educativas especiales NEE&#8221; button_text=&#8221;Llama y te informamos&#8221; button_link=&#8221;tel:977231720&#8243; use_bg_overlay=&#8221;off&#8221; use_text_overlay=&#8221;on&#8221; _builder_version=&#8221;4.4.8&#8243; header_text_color=&#8221;#000000&#8243; body_font=&#8221;|700|||||||&#8221; body_text_color=&#8221;#000000&#8243; body_font_size=&#8221;24px&#8221; body_letter_spacing=&#8221;3px&#8221; body_line_height=&#8221;2.4em&#8221; background_color=&#8221;rgba(0,0,0,0)&#8221; background_enable_color=&#8221;on&#8221; background_image=&#8221;https://estudidemusica.cat/wp-content/uploads/2020/08/escuela-de-música-alumnos-con-necesidades-educativas-especiales-NEE-1.png&#8221; background_enable_image=&#8221;on&#8221; parallax=&#8221;on&#8221; background_layout=&#8221;light&#8221; custom_padding=&#8221;170px||170px||true|false&#8221; custom_padding_tablet=&#8221;&#8221; custom_padding_phone=&#8221;&#8221; custom_padding_last_edited=&#8221;on|phone&#8221; body_font_size_tablet=&#8221;16px&#8221; body_font_size_phone=&#8221;&#8221; body_font_size_last_edited=&#8221;on|desktop&#8221; body_letter_spacing_tablet=&#8221;1px&#8221; body_letter_spacing_phone=&#8221;0px&#8221; body_letter_spacing_last_edited=&#8221;on|desktop&#8221; custom_css_slide_button=&#8221;margin-top:4em&#8221; header_text_shadow_style=&#8221;preset4&#8243; body_text_shadow_style=&#8221;preset4&#8243; body_text_shadow_color=&#8221;#ffffff&#8221;]<p>Clases de música apostando por la diversidad e inclusión</p>[/et_pb_slide][/et_pb_slider][/et_pb_column][/et_pb_row][/et_pb_section][et_pb_section fb_built=&#8221;1&#8243; _builder_version=&#8221;4.4.8&#8243; background_color=&#8221;#ffffff&#8221; custom_margin=&#8221;0px||||false|false&#8221; custom_padding=&#8221;0px||0px|||&#8221;][et_pb_row column_structure=&#8221;1_3,2_3&#8243; _builder_version=&#8221;4.4.8&#8243;][et_pb_column type=&#8221;1_3&#8243; _builder_version=&#8221;4.4.8&#8243;][et_pb_image src=&#8221;https://estudidemusica.cat/wp-content/uploads/2020/08/alumnos-con-nee.jpg&#8221; alt=&#8221;escuela de música en Tarragona alumnos con necesidades educativas especiales  nee&#8221; title_text=&#8221;alumnos con nee&#8221; _builder_version=&#8221;4.4.8&#8243;][/et_pb_image][/et_pb_column][et_pb_column type=&#8221;2_3&#8243; _builder_version=&#8221;4.4.8&#8243;][et_pb_text _builder_version=&#8221;4.4.8&#8243; text_font_size=&#8221;16px&#8221; text_orientation=&#8221;justified&#8221; hover_enabled=&#8221;0&#8243; text_font_size_tablet=&#8221;14px&#8221; text_font_size_phone=&#8221;&#8221; text_font_size_last_edited=&#8221;on|desktop&#8221;]<h2>Alumnos con necesidades educativas especiales</h2>
<p>Todos somos iguales ante la música independientemente de nuestras capacidades físicas e intelectuales. La música tiene una fuerza integradora muy positiva. La música es para todo el mundo, todos nos podemos beneficiar de la práctica musical sean cuales sean nuestras condiciones y aptitudes.</p>
<p>La música mejora la atención, estimula nuestras habilidades comunicativas, la expresión, la motricidad, el pensamiento y la reflexión, igual en alumnos que tengan necesidades especiales concretas o sin ellas.</p>
<p>Todos tenemos cosas a ganar participando en actividades musicales, tanto si es en activo, cantando o tocando o sencillamente como oyente.<br /> <strong>Es por estas razones que desde los inicios en el Estudio de Música hemos trabajado en la atención a la diversidad de manera que nadie quede excluido de la educación musical</strong></p>
<p><a href="https://estudidemusica.cat/contacto/">Contacte con nosotros</a> para más información sobre las clases de música y concretar sobre las necesidades particulares del alumno y como podemos acomodarlas para que pueda disfrutar plenamente de las clases.</p>
<p>&nbsp;</p>
[/et_pb_text][/et_pb_column][/et_pb_row][/et_pb_section][et_pb_section fb_built=&#8221;1&#8243; _builder_version=&#8221;4.4.8&#8243; custom_padding=&#8221;0px||0px|||&#8221;][et_pb_row _builder_version=&#8221;4.4.8&#8243; width=&#8221;100%&#8221; max_width=&#8221;100%&#8221; custom_padding=&#8221;0px||0px||false|false&#8221;][et_pb_column type=&#8221;4_4&#8243; _builder_version=&#8221;4.4.8&#8243;][et_pb_cta title=&#8221;Contacta con nosotros para más información e inscripciones&#8221; button_url=&#8221;/contacto/&#8221; button_text=&#8221;Contacto escuela de música Tarragona&#8221; _builder_version=&#8221;4.4.8&#8243; background_color=&#8221;#89222c&#8221; custom_button=&#8221;on&#8221; button_border_width=&#8221;1px&#8221; button_bg_color__hover_enabled=&#8221;on|hover&#8221; button_bg_color__hover=&#8221;#ffffff&#8221; button_bg_enable_color__hover=&#8221;on&#8221; button_border_width__hover_enabled=&#8221;on|desktop&#8221; button_border_width__hover=&#8221;0px&#8221; button_text_color__hover_enabled=&#8221;on|hover&#8221; button_text_color__hover=&#8221;#000000&#8243;][/et_pb_cta][/et_pb_column][/et_pb_row][/et_pb_section]

<p>Clases de música apostando por la diversidad e inclusiónAlumnos con necesidades educativas especiales Todos somos iguales ante la música independientemente de nuestras capacidades físicas e intelectuales. La música tiene una fuerza integradora muy positiva. La música es para todo el mundo, todos nos podemos beneficiar de la práctica musical sean cuales sean nuestras condiciones y [&hellip;]</p>

<!-- This site is optimized with the Yoast SEO plugin v27.4 - https://yoast.com/product/yoast-seo-wordpress/ -->
<title>Alumnos con necesidades educativas especiales - L&#039;estudi Tarragona</title>
<meta name="description" content="Clases de música para alumnos con necesidades educativas especiales en L&#039;Estudi - Escuela de música en Tarragona - educación inclusiva" />
<meta name="robots" content="index, follow, max-snippet:-1, max-image-preview:large, max-video-preview:-1" />
<link rel="canonical" href="https://estudidemusica.cat/es/alumnos-con-necesidades-educativas-especiales/" />
<meta property="og:locale" content="es_ES" />
<meta property="og:type" content="article" />
<meta property="og:title" content="Alumnos con necesidades educativas especiales - L&#039;estudi Tarragona" />
<meta property="og:description" content="Clases de música para alumnos con necesidades educativas especiales en L&#039;Estudi - Escuela de música en Tarragona - educación inclusiva" />
<meta property="og:url" content="https://estudidemusica.cat/es/alumnos-con-necesidades-educativas-especiales/" />
<meta property="og:site_name" content="Estudi de musica" />
<meta property="article:modified_time" content="2020-09-16T08:10:34+00:00" />
<meta name="twitter:card" content="summary_large_image" />
<meta name="twitter:label1" content="Tiempo de lectura" />
	<meta name="twitter:data1" content="3 minutos" />
<script type="application/ld+json" class="yoast-schema-graph">{"@context":"https:\/\/schema.org","@graph":[{"@type":"WebPage","@id":"https:\/\/estudidemusica.cat\/alumnos-con-necesidades-educativas-especiales\/","url":"https:\/\/estudidemusica.cat\/alumnos-con-necesidades-educativas-especiales\/","name":"Alumnos con necesidades educativas especiales - L'estudi Tarragona","isPartOf":{"@id":"https:\/\/estudidemusica.cat\/#website"},"datePublished":"2020-08-13T13:46:18+00:00","dateModified":"2020-09-16T08:10:34+00:00","description":"Clases de música para alumnos con necesidades educativas especiales en L'Estudi - Escuela de música en Tarragona - educación inclusiva","breadcrumb":{"@id":"https:\/\/estudidemusica.cat\/alumnos-con-necesidades-educativas-especiales\/#breadcrumb"},"inLanguage":"es","potentialAction":[{"@type":"ReadAction","target":["https:\/\/estudidemusica.cat\/alumnos-con-necesidades-educativas-especiales\/"]}]},{"@type":"BreadcrumbList","@id":"https:\/\/estudidemusica.cat\/alumnos-con-necesidades-educativas-especiales\/#breadcrumb","itemListElement":[{"@type":"ListItem","position":1,"name":"Inici","item":"https:\/\/estudidemusica.cat\/"},{"@type":"ListItem","position":2,"name":"Alumnos con necesidades educativas especiales"}]},{"@type":"WebSite","@id":"https:\/\/estudidemusica.cat\/#website","url":"https:\/\/estudidemusica.cat\/","name":"Estudi de musica","description":"Escola de música de tarragona amb més de 25 anys, autoritzada per la Generalitat.","potentialAction":[{"@type":"SearchAction","target":{"@type":"EntryPoint","urlTemplate":"https:\/\/estudidemusica.cat\/?s={search_term_string}"},"query-input":{"@type":"PropertyValueSpecification","valueRequired":true,"valueName":"search_term_string"}}],"inLanguage":"es"}]}</script>
<!-- / Yoast SEO plugin. -->

Clases de música para alumnos con necesidades educativas especiales en L'Estudi - Escuela de música en Tarragona - educación inclusiva

Escola de música de tarragona amb més de 25 anys, autoritzada per la Generalitat.
